 Let j(u) = u**3 + 7*u**2 + 9*u. What is j(q)?
-18
Let v(m) = m**3 - 4*m**2 + m. Let y(r) = 3*r**3 - 7*r**2 + 6*r + 2. Let g(a) = -5*v(a) + 2*y(a). Suppose -2*k - 4*c + 1 + 3 = 0, -17 = 5*k + c. What is g(k)?
8
Let v(p) be the second derivative of 4 + 3/4*p**4 + p + 7/6*p**3 + 1/20*p**5 - 11/2*p**2. What is v(-8)?
-3
Let i be (-58)/(-3) + 2/3. Let r = i - 13. Let k(y) = -y + 4*y - r*y - 1. Calculate k(1).
-5
Suppose 12*z + 174 - 246 = 0. Let d be (-3)/9 + (-84)/(-9). Let h(q) = -q**3 + 7*q - z*q**2 + 0*q**3 - 1 + 10*q**2 - d*q**2. Calculate h(-6).
-7
Let p(s) = 7*s + 154. Let j(c) = 42*c + 885. Let i(u) = -4*j(u) + 23*p(u). Let t(v) = v**2 + v - 2. Let y be t(0). Give i(y).
16
Let u(l) = l**3 + 5*l**2 + 4*l + 6. Let o(m) = 5*m + 196. Let x be o(-38). Suppose -x*f - 20 = -f. What is u(f)?
6
Let f(y) = -y + 14. Suppose 2*a - 156 + 37 = -5*a. Give f(a).
-3
Let x(k) = -2*k**3 - k**2 - 2*k. Let j be x(-3). Suppose 0 = -8*q + j - 11. Suppose -2 = q*c + 3. Let z(v) = 8*v**2 + v. Determine z(c).
7
Let x(y) = 7*y**3 - 35*y**2 - 4*y - 20. Let u(v) = v**3 - 3*v**2 - v. Let h(a) = -6*u(a) + x(a). Determine h(17).
14
Let n(i) = -12*i**2 - 2. Suppose 62*r = 77*r - 30. Determine n(r).
-50
Let v = -6 + 1. Suppose 2*o - j - 5 = 0, -o - j = -3*j - 4. Let t(m) = -20*m**2 - 3*m - 15*m**o + 34*m**2 - 3. Calculate t(v).
-13
Let p(z) = -z**3 + 2*z**2 + 4*z + 5. Let m be p(0). Let d(i) = -2*i**2 + 0*i**2 - 6 + 3*i**2 + m*i + 0*i**2. Calculate d(-7).
8
Let k(z) be the third derivative of z**7/840 + z**6/120 + z**5/30 + z**4/24 - 17*z**3/6 - 87*z**2. Let p(y) be the first derivative of k(y). Calculate p(-3).
-11
Let x(b) = 2*b - 1. Let n(r) = 6*r - 37. Let a(o) = -n(o) + 2*x(o). Let v(y) = 4*y - 69. Let d(g) = -7*a(g) - 4*v(g). Calculate d(13).
5
Let h(m) = -m**2 - 11*m - 9. Let l(i) be the first derivative of -2*i + 10. Let g(n) = h(n) - l(n). Calculate g(-11).
-7
Let d(x) be the second derivative of -x**6/360 + x**5/24 + 5*x**4/24 - 13*x**3/2 - 13*x - 2. Let i(b) be the second derivative of d(b). Give i(6).
-1
Let x(j) = 2*j**3 + 13*j**2 - 10*j - 9. Let z(i) = 5*i**3 + 28*i**2 - 21*i - 20. Let b(q) = 7*x(q) - 3*z(q). Calculate b(5).
12
Let s(k) = -2*k**2 - 11*k - 3. Let l be s(-5). Let y(i) = 2*i + 3*i + 0*i + 5 - i**l. Determine y(5).
5
Let p(u) = -u**3 - 2*u**2 + 2*u - 2. Suppose 2*g - 34 = -2*f + 7*f, 0 = -g - f + 10. Suppose 2*d = 3*h + 15, 5*d - g = -2*h + h. Give p(h).
1
Let l(i) be the third derivative of i**6/120 - 13*i**5/60 + 17*i**4/24 - 3*i**3/2 + 100*i**2 - 11. Give l(11).
-64
Let d(z) = 2*z + 3. Let l be d(-4). Let j(t) = 7*t**3 + 13*t**2 + 13*t + 8. Let w(r) = 3*r**3 + 7*r**2 + 7*r + 4. Let o(i) = l*w(i) + 2*j(i). What is o(-8)?
4
Let z(u) = u**3 - 3*u**2 + 7. Let i = -976 - -979. Determine z(i).
7
Let t(i) be the second derivative of i**4/12 + 5*i**3/3 - 57*i**2 - 1007*i. Determine t(7).
5
Let h(d) = 7*d**3 + 7*d**2 + 11*d + 60. Let k(s) = -2*s**3 + 2*s - 4. Let p(f) = -h(f) - 3*k(f). What is p(-6)?
18
Let w(p) be the third derivative of -p**6/120 - 7*p**5/20 + 9*p**4/8 + 19*p**3 - 1075*p**2 + 2*p. Give w(-22).
4
Let u(k) = 2*k**3 - 13*k**2 - 4*k - 21. Let p be u(7). Suppose p = 24*q + 9 + 15. Let m(j) = -4*j**2 + 2*j + 1. Give m(q).
-5
Let i(d) = 2*d - 55. Let r = -8193 - -8222. Determine i(r).
3
Let z(j) = -15*j - 11. Let n(p) = -p**2 + 45*p + 362. Let a be n(52). Give z(a).
19
Suppose -3 = 3*z + 2*u, -3*u = -5*z - 51 + 8. Let s(r) = -5*r**2 - 11*r - 9. Let c(v) = -6*v**2 - 12*v - 9. Let q(b) = 4*c(b) - 5*s(b). Give q(z).
-1
Let a = 13 + -8. Let g(f) = -3*f + 4. Let z(l) = 17*l - 25. Let n(x) = -11*g(x) - 2*z(x). Calculate n(a).
1
Let x(c) = -c**2 - 74*c - 1005. Let o be x(-18). Let l(y) be the first derivative of 1/3*y**o - 4*y - 1/2*y**2 + 22. Calculate l(0).
-4
Let y(x) be the third derivative of -x**5/10 - 5*x**4/24 + 2*x**3 - 6*x**2 - 7*x. Let f(k) = 5*k**2 + 5*k - 11. Let i(r) = -7*f(r) - 6*y(r). Give i(6).
11
Let k(n) be the third derivative of -n**6/60 - 4*n**5/15 + n**4/8 + 7*n**3/3 + 1340*n**2. What is k(-8)?
-10
Let g(w) = -18*w - 28*w - 35*w + 32 + 84*w. Calculate g(-10).
2
Let c = 5864 - 5861. Let d(x) = 20*x - 5. Give d(c).
55
Let i(u) = 6*u**2 - 1 - u + 6 - 4. Let r = -37 + 37. Suppose 7*o + r*o = 7. What is i(o)?
6
Let j = 558 + -553. Let g(p) = -p**3 + 5*p**2 - 5*p + 5. Determine g(j).
-20
Let m = 3528 - 3532. Let z(w) = -3*w**2 - 6*w - 8. Calculate z(m).
-32
Let u(o) = o**3 - 14*o**2 + 12*o. Let q(t) = 2*t**2 - t - 1. Let d(w) = -3*q(w) - u(w). Give d(7).
-11
Let p(t) = -t**3 + t**2. Let z(c) = 3*c**3 - 12*c**2 - 2*c + 8. Let d(y) = -y**2 + 5*y + 13. Let j be d(7). Let f(r) = j*z(r) - 2*p(r). Determine f(10).
12
Suppose -2*l = -4*o + 30, 3*l - 6*l - o + 11 = 0. Let m(v) = -91*v**3 + 1. What is m(l)?
-90
Let s(j) = -j**2 - j - 2. Let m(o) = 6*o**2 + 14*o + 16. Let d(t) = m(t) + 5*s(t). Give d(-9).
6
Let c(y) = 4*y + 33. Suppose 4*s + 28 = r + 2*r, -2*s - r - 14 = 0. Let l be s*(-4)/42*-12. Let p be c(l). Let a(x) = -2*x**3 - x**2 + x - 1. Calculate a(p).
-3
Let c be 1/(((-1)/5)/((-24)/(-15))). Let x be ((-12)/c)/((-9)/24). Let m = x - -9. Let b(h) = -4*h + 7. What is b(m)?
-13
Let u(q) = -q**3 + 2*q**2 - 2*q + 1. Let c(h) = h**2 - h - 3. Let l be c(3). Suppose 13*t = 12*t + l. Suppose t*f + 0 = -4*x + 6, 3*x - 3 = -3*f. What is u(x)?
-14
Let z(u) = -u**2 + 9*u - 17. Suppose 10*m - 8*m - 6*m + 36 = 0. Determine z(m).
-17
Let p(t) be the third derivative of t**4/12 - 43*t**3/6 - 23*t**2 - 2*t - 23. Determine p(16).
-11
Let l(n) = 17*n**2 + n - 35. Let i(s) = 5*s**2 - 12. Let h(u) = 10*i(u) - 3*l(u). Calculate h(-12).
-123
Let m(u) be the first derivative of -u**4/4 + 7*u**3/3 - 7*u**2/2 - u - 3252. Suppose 0 = -2*s - s. Suppose s*t + 18 = 3*t. What is m(t)?
-7
Let q(u) be the first derivative of u**7/840 - u**6/60 + u**5/60 + u**4/24 - 2*u**3/3 - 61. Let m(f) be the third derivative of q(f). Give m(5).
-14
Let g(r) = 9*r + 3. Let p(y) = -47*y - 15. Let t(v) = 11*g(v) + 2*p(v). Let c(o) = 4*o + 2. Let m(z) = 7*c(z) - 5*t(z). What is m(6)?
17
Suppose -2*b = -5 + 17. Let j(o) = -14*o - 14. Let t(f) = f + 1. Let g(d) = -j(d) - 16*t(d). What is g(b)?
10
Let t be -5*(2 - (-32)/(-20)). Let d(r) = -3 + r - 4*r - 5*r. Let j(g) = 15*g + 7. Let o(c) = 5*d(c) + 2*j(c). Determine o(t).
19
Let i(g) = 2*g - 3*g + 14292 - 5*g - 14308 + 0*g. Give i(-7).
26
Let g(p) = 5*p**2 + 172*p + 70. Let r be g(-34). Let f(m) be the first derivative of -m**4/2 + 2*m**3/3 - m**2/2 + m + 1. Determine f(r).
-9
Let i(n) be the third derivative of -1/120*n**6 - 1/3*n**3 - 1/20*n**5 + 1/8*n**4 + n**2 + 0 + 0*n. Let r be ((-72)/126)/(282/42 + -7). Determine i(r).
-16
Let g(i) = i + 1. Let k(f) be the second derivative of 2*f**3/3 - 21*f**2/2 + 7*f. Let z be k(6). Let j be g(z). Let b(q) = q**3 - 3*q**2 - q - 4. What is b(j)?
8
Let y(w) = w - 7. Let p be 36/(0 - -4) - -2. Suppose -16 = -p*z + 28. Give y(z).
-3
Suppose -2*v = -0*v + 6. Let g(k) = -3290 + k**2 - 3292 + 3*k + 6584. Calculate g(v).
2
Let f(k) be the first derivative of k**2 - 31*k + 785. Determine f(20).
9
Let d = -579 + 1099. Let r be (-160)/d*13/(-2). Let i(a) = -a**2 + 6*a - 4. Determine i(r).
4
Let n(p) be the second derivative of p**5/20 - 2*p**4/3 + p**3/3 - 9*p**2 + 155*p. Let k be n(8). Let l(f) = -2*f - f + 2 - 2*f**2 - f**3 + 5*f. Determine l(k).
-2
Let u(g) = -g - 2. Let i = 282 + -280. Let d be (-70)/7 + -3*(-2)/i. Determine u(d).
5
Let g(p) = -101*p**3 - p**2 + 3*p - 1. Let n = -5780 + 5781. Calculate g(n).
-100
Let z(y) be the third derivative of y**5/60 - y**4/4 - y**3/3 + 2*y**2 - 53. What is z(3)?
-11
Let z(o) = -5*o**2 + 366*o - 57. Let l be z(73). Let m(n) = -3*n + 47. Give m(l).
-1
Let b(m) = m**3 - 4*m**2 + 5. Let x = -99 + 170. Let r = x + -66. Suppose 7*k = r*k + 8. Calculate b(k).
5
Let c(s) = -347*s + 1731. Let q be c(5). Let z(f) = 2*f**2 + 10*f + 22. What is z(q)?
14
Let f(r) = -2*r - 38. Let y be f(-20). Suppose n + 5*w + 4 = 0, 0 = -n - 3*w + y*w + 4. Let h(l) be the first derivative of -l**3/3 + 3*l**2 - l - 5. Give h(n).
-1
Let a(f) = f**3 - 4*f**2 - 4*f + 7. Suppose -935 = -78*l + 23*l. Suppose 60 - 145 = -l*g. Give a(g).
12
Let q be (1596/36)/19 - 2. Let v(n) be the first derivative of 3*n + n**2 - 5 - q*n**3. Calculate v(3).
0
Let s(u) be the third derivative of 6*u**2 -